g) = -2*g**3 - 16*g**2 + 2*g + 19. Give r(-8).
3
Let z(s) = s**3 - 9*s**2 - 10*s - 3. Determine z(10).
-3
Let t(b) = 7*b**3 - 4*b**2 + 12*b - 9. What is t(1)?
6
Let x(h) = h**3 - h + 5. Determine x(0).
5
Let o(a) = -2*a**3 - 18*a**2 - 18*a + 16. Determine o(-8).
32
Let d(p) = -p**3 + 36*p**2 + 40*p - 101. Calculate d(37).
10
Let d(r) = -r**2 + 9*r - 12. What is d(10)?
-22
Let a(p) = -9*p**2 - 209*p - 49. Give a(-23).
-3
Let z(n) = 2*n**2 - 35*n + 112. What is z(14)?
14
Let b(r) = 52*r - 782. Calculate b(15).
-2
Let n(v) = v**3 + 6*v**2 + 5*v + 24. Determine n(-6).
-6
Let z(w) = -w**3 + 48*w**2 - 3*w + 153. What is z(48)?
9
Let m(c) = -c**2 - 6*c + 69. Determine m(6).
-3
Let v(y) = 4*y + 9. What is v(3)?
21
Let a(r) = -r**3 - 2*r - 4. What is a(-2)?
8
Let b(v) = v**3 + 3*v**2 - 2*v - 11. Determine b(-3).
-5
Let f(z) = -z**3 + 6*z**2 + z - 11. Calculate f(6).
-5
Let i(j) = -j**2 + 15*j + 48. Give i(13).
74
Let t(b) = -b**2 - 7*b - 4. Give t(-8).
-12
Let y(x) = x**2 + 15*x - 1. Give y(-15).
-1
Let r(l) = 13*l**3 + 4*l**2 + 6*l + 2. Give r(-1).
-13
Let u(g) = -g**2 - 8*g - 11. Determine u(-8).
-11
Let m(n) = -4*n**2 - 26*n + 3. What is m(-7)?
-11
Let h(a) = -a**3 + 7*a**2 + a + 3. What is h(7)?
10
Let h(n) = 8*n - 3. Calculate h(-5).
-43
Let t(w) = -3*w + 4. Determine t(-6).
22
Let o(i) = -i**2 - 3*i + 28. Give o(5).
-12
Let u(o) = 3*o**2 - 9*o - 8. What is u(4)?
4
Let f(n) = -4*n**2 + 3*n + 2. Calculate f(-2).
-20
Let a(k) = 2*k**2 - 21*k + 88. What is a(7)?
39
Let x(s) = 9*s - 67. Calculate x(8).
5
Let p(n) = -n - 3. What is p(-6)?
3
Let a(n) = 2*n + 63. Determine a(-33).
-3
Let u(k) = -k**2 + 8*k + 65. Determine u(13).
0
Let q(a) = a**2 - 4*a + 13. Calculate q(4).
13
Let p(s) = -2*s**2 - 13*s - 18. Calculate p(-9).
-63
Let a(f) = -2*f + 8. Calculate a(10).
-12
Let r(h) = h**2 - 8*h - 108. What is r(-9)?
45
Let l(m) = m**3 + 8*m**2 + 3*m + 11. What is l(-8)?
-13
Let b(i) = 2*i**2 - 2*i - 2. Determine b(-1).
2
Let d(w) = -w**3 + 9*w**2 + 2*w - 3. What is d(9)?
15
Let g(b) = 2*b**2 - b - 33. Give g(-6).
45
Let l(w) = w + 1. Give l(4).
5
Let t(x) = x**2 + 16*x + 7. What is t(0)?
7
Let o(w) = 56*w + 205. What is o(-4)?
-19
Let i(d) = 5*d + 117. Give i(-25).
-8
Let i(u) = -11*u - 7. Calculate i(-5).
48
Let s(j) = 2*j**3 + 2*j**2 - j + 2. What is s(-3)?
-31
Let t(j) = j**3 - 14*j**2 + 3*j - 4. Calculate t(14).
38
Let r(i) = -3*i**2 + 18*i - 15. What is r(5)?
0
Let p(f) = -f**3 + 2*f**2 + 21*f. Determine p(6).
-18
Let x(d) = 3*d + 37. Determine x(-14).
-5
Let y(k) = k**2 - 28*k - 1249. Calculate y(-24).
-1
Let d(f) = -2*f**2 + 4*f - 9. Give d(4).
-25
Let p(f) = 6*f**2 + f. Determine p(-1).
5
Let q(t) = t**3 - t**2 + t + 6. Give q(-4).
-78
Let m(b) = b**3 + 6*b**2 - 2*b - 8. What is m(-5)?
27
Let j(o) = o**3 + 8*o**2 + 9*o + 1. Determine j(-7).
-13
Let m(b) = -b**3 + 7*b - 4. Determine m(2).
2
Let c(h) = h + 10. Give c(0).
10
Let f(o) = -5*o**2 - 11*o - 2. Give f(-2).
0
Let f(v) = -v**3 + 11*v**2 - 12*v + 15. What is f(10)?
-5
Let a(n) = -n**3 - 9*n**2 - 2*n - 20. Give a(-9).
-2
Let n(l) = 11*l**2 - l + 1. Calculate n(-2).
47
Let j(b) = -b**2 + 4*b + 10. Determine j(6).
-2
Let v(z) = z**2 + 34*z + 282. Give v(-14).
2
Let i(z) = z**3 + 16*z**2 - 81*z - 17. Determine i(-20).
3
Let y(r) = 3*r**2 + 7*r + 2. Calculate y(-4).
22
Let m(b) = -b**3 + b**2 + b + 9. Give m(3).
-6
Let b(t) = -3*t - 22. Calculate b(-9).
5
Let r(m) = 15*m**2. Determine r(1).
15
Let r(x) = 50*x - 298. Calculate r(6).
2
Let o(y) = y**3 - 9*y**2 - 8*y + 84. Determine o(8).
-44
Let g(k) = -k**3 + 2*k**2 - 4*k + 6. What is g(4)?
-42
Let o(l) = l**2 + 7*l + 7. What is o(-8)?
15
Let f(p) = p**3 + 6*p**2 - 29*p - 157. What is f(-5)?
13
Let q(g) = 2*g**3 - 125*g**2 + 65*g - 180. What is q(62)?
6
Let m(s) = -2*s**2 - 37*s - 23. Give m(-18).
-5
Let f(z) = 15*z - 114. Give f(8).
6
Let c(l) = l**3 - 9*l**2 + 11*l - 3. Give c(7).
-24
Let f(w) = 12*w**2 - 2*w. Determine f(-1).
14
Let f(r) = -r + 3. What is f(3)?
0
Let f(b) = 3*b + 13. Calculate f(6).
31
Let w(t) = -t**3 + 12*t**2 + 2*t + 1. Give w(12).
25
Let b(z) = -2*z - 31. Calculate b(-22).
13
Let s(p) = 27*p - 890. Give s(33).
1
Let f(u) = u + 16. Calculate f(-13).
3
Let d(m) = -m**2 - 7*m + 2. What is d(6)?
-76
Let l(h) = h**3 + 5*h**2 + 3*h + 5. Give l(-6).
-49
Let b(g) = -2*g. What is b(2)?
-4
Let h(f) = -f**3 + 7*f**2 + 3*f + 1. Calculate h(7).
22
Let d(f) = -f**2 - 5*f + 43. Give d(4).
7
Let s(k) = k**2 - k + 79. Give s(0).
79
Let f(w) = 2*w**3 + 102*w**2 + 98*w - 101. What is f(-50)?
-1
Let s(b) = -b**3 - 44*b**2 + b + 48. What is s(-44)?
4
Let c(j) = j**2 - 14*j - 7. Calculate c(15).
8
Let h(s) = -s**2 - 9*s - 49. What is h(-6)?
-31
Let v(d) = -d**2 + 10*d + 17. Give v(12).
-7
Let n(v) = v**3 - 2*v**2 - 11*v + 9. Determine n(4).
-3
Let q(w) = -w**3 + 6*w**2 + 3*w - 7. Calculate q(5).
33
Let l(a) = -4*a + 92. Determine l(24).
-4
Let z(x) = x**3 - 12*x**2 - 12*x + 9. Determine z(13).
22
Let q(z) = 9*z - 9. Determine q(2).
9
Let h(q) = 3*q - 42. Calculate h(18).
12
Let f(c) = -4*c**2 + 6*c + 4. Calculate f(5).
-66
Let w(v) = -5*v**2 - 11*v + 22. Calculate w(4).
-102
Let a(m) = -3*m**2 - 4*m - 3. Give a(-3).
-18
Let h(d) = 11*d**2 + 3*d - 4. Give h(-3).
86
Let a(w) = 3*w + 114. Give a(-38).
0
Let s(b) = 24*b - 23. Determine s(-5).
-143
Let f(r) = -r**2 - r + 3. Give f(0).
3
Let k(v) = -v**3 + 3*v**2 + 19. Give k(4).
3
Let u(q) = q**2 + 11*q + 49. Determine u(-10).
39
Let a(y) = -y**3 + 5*y**2 + 7*y - 5. What is a(6)?
1
Let i(t) = -t**3 + 27*t**2 + 2*t - 48. Determine i(27).
6
Let o(s) = 28*s - 102. Calculate o(3).
-18
Let z(q) = 3*q + 3. What is z(-2)?
-3
Let y(j) = j**3 + 4*j**2 + j + 2. Determine y(-3).
8
Let x(w) = 8*w**2 + 21*w. Calculate x(-6).
162
Let r(m) = -m**2 + m + 7. Determine r(-3).
-5
Let g(z) = 22*z**3 + 3*z**2 + 2*z. Determine g(-2).
-168
Let p(w) = -16*w + 126. What is p(8)?
-2
Let w(p) = -p**2 - 11*p - 27. What is w(-3)?
-3
Let w(r) = r**3 + 4*r**2 - 28*r - 7. What is w(4)?
9
Let m(j) = 5*j + 56. What is m(-10)?
6
Let f(u) = 9*u + 133. Calculate f(-18).
-29
Let p(b) = b**3 - 7*b**2 + 4*b - 13. Give p(6).
-25
Let t(d) = 11*d + 26. Calculate t(-2).
4
Let v(u) = -5*u + 4. Give v(-3).
19
Let a(h) = h**2 - h - 1. What is a(-2)?
5
Let q(y) = -23*y + 67. What is q(3)?
-2
Let p(t) = -t - 23. Give p(5).
-28
Let d(i) = i**3 + 4*i**2 + 2*i - 6. Determine d(-6).
-90
Let t(p) = p**2 - 18*p - 393. Give t(31).
10
Let m(o) = -o**3 - 12*o**2 + 29*o + 21. Give m(-14).
7
Let w(r) = -r**3 - 12*r**2 + 11*r - 8. What is w(-13)?
18
Let y(w) = -w**2 - 7*w - 5. What is y(-6)?
1
Let y(z) = -z**3 + 4*z**2 - z + 1. Give y(5).
-29
Let n(o) = -2*o**3 - 52*o**2 + 2*o + 40. Give n(-26).
-12
Let o(d) = -d**3 - 5*d**2 + 14*d + 8. Determine o(-7).
8
Let y(o) = -3*o + 88. Give y(15).
43
Let v(l) = -9*l**3 - l**2. Calculate v(-1).
8
Let w(k) = -2*k**3 + 2*k**2 - 8*k + 9. Give w(3).
-51
Let s(y) = y**3 - 38*y + 3. What is s(6)?
-9
Let v(u) = -u**2 - 4*u + 26. Give v(0).
26
Let m(n) = n**3 - 5*n**2 + 3*n - 3. Determine m(5).
12
Let u(c) = c**3 + 2*c**2 - 3*c - 3. Determine u(-2).
3
Let x(t) = -6*t**2 + 18*t - 21. Determine x(4).
-45
Let t(q) = q**3 - 14*q**2 - 4*q + 56. Determine t(14).
0
Let h(p) = -2*p. Calculate h(-4).
8
Let v(c) = -c**3 - 6*c**2 - c - 1. Determine v(-4).
-29
Let u(s) = -s**2 + 14*s + 1. Give u(15).
-14
Let n(c) = -4*c - 35. Give n(5).
-55
Let c(j) = 7*j + 9. Determine c(0).
9
Let w(j) = -j**3 - 12*j**2 + 2*j - 141. Determine w(-13).
2
Let s(k) = 11*k + 308. Give s(-26).
22
Let q(k) = 9*k**2 - k - 2. What is q(-1)?
8
Let y(i) = -9*i**3 - i**2 + 2*i - 1. Determine y(1).
-9
Let b(o) = o**2 + 8. Give b(0).
8
Let v(q) = 4*q**3 + q**2 - 2*q + 2. Determine v(1).
5
Let a(o) = -6*o - 32. Determine a(-5).
-2
Let c(y) = -2*y**3 - 7*y**2 - 8*y + 2. What is c(-2)?
6
Let o(d) = 7*d. Determine o(-2).
-14
Let j(i) = 2*i + 6. Determine j(-2).
2
Let r(y) = -5*y**2 - 4*y - 1. What is r(-2)?
-13
Let r(v) = -3*v**2 - 15*v - 13. Give r(-5).
-13
Let z(q) = q**3 + 11*q**2 - 2*q - 15. Determine z(-11).
7
Let u(l) = -26*l - 68. Calculate u(-4).
36
Let m(w) = w**2 - 28*w + 53. Calculate m(27).
26
Let j(s) = 3*s**2 - 3*s + 4. What is j(3)?
22
Let u(j) = -3*j + 7. Calculate u(-6).
25
Let t(a) = -a**3 + 3*a**2 - 3*a + 4. What is t(2)?
2
Let l(i) = -i**3 + i**2 + 24